{"id":87,"date":"2023-10-13T03:39:50","date_gmt":"2023-10-13T01:39:50","guid":{"rendered":"https:\/\/festivallanternes.com\/?page_id=87"},"modified":"2025-03-10T15:56:56","modified_gmt":"2025-03-10T14:56:56","slug":"festival-dragons-et-lanternes","status":"publish","type":"page","link":"https:\/\/festivallanternes.com\/","title":{"rendered":"Accueil &#8211; Maintenance"},"content":{"rendered":"[vc_row column_spacing=\u00a0\u00bb50&Prime; css=\u00a0\u00bb.vc_custom_1627335173714{margin-top: 50px !important;}\u00a0\u00bb][vc_column width=\u00a0\u00bb1\/2&Prime;]<div class=\"vcex-heading vcex-module wpex-text-2xl wpex-font-normal wpex-m-auto wpex-max-w-100 vcex-heading-plain wpex-block\" style=\"font-family:&#039;Inter&#039;,sans-serif;font-size:50px;font-weight:900;\"><span class=\"vcex-heading-inner wpex-inline-block wpex-clr\">Le Festival des Lanternes est fini!<\/span><\/div><div class=\"vcex-spacing wpex-w-100 wpex-clear\" style=\"height:20px;\"><\/div>[vc_column_text color=\u00a0\u00bb#222222&Prime; font_size=\u00a0\u00bb16px\u00a0\u00bb]\n<p class=\"vcex-heading vcex-module wpex-text-2xl wpex-font-normal wpex-m-auto wpex-max-w-100 vcex-heading-plain wpex-block wpex-mb-15\"><span style=\"color: #ffffff;\">Pendant 17 semaines, le Jardin d&rsquo;Acclimation a v\u00e9cu \u00e0 l&rsquo;heure du Jurassique.<\/span><br \/>\n<span style=\"color: #ffffff;\">100 esp\u00e8ces de dinosaures, 2000 lanternes illumin\u00e9es et plus de 100 000 voyageurs temporels.<\/span><\/p>\n<p>&nbsp;<\/p>\n<p class=\"vcex-heading vcex-module wpex-text-2xl wpex-font-normal wpex-m-auto wpex-max-w-100 vcex-heading-plain wpex-block wpex-mb-15\"><span style=\"color: #ffffff;\">Merci \u00e0 tous les visiteurs du Bal des Dinosaures !<\/span><\/p>\n[\/vc_column_text]<div class=\"vcex-spacing wpex-w-100 wpex-clear\" style=\"height:40px;\"><\/div>[\/vc_column][vc_column width=\u00a0\u00bb1\/2&Prime;]<figure class=\"vcex-image vcex-module wpex-clr\"><div class=\"vcex-image-inner wpex-relative wpex-inline-block\"><img decoding=\"async\" width=\"581\" height=\"397\" src=\"https:\/\/i0.wp.com\/festivallanternes.com\/wp-content\/uploads\/2024\/10\/loo.png?fit=581%2C397&amp;ssl=1\" class=\"wpex-align-middle\" alt=\"\" loading=\"lazy\" srcset=\"https:\/\/i0.wp.com\/festivallanternes.com\/wp-content\/uploads\/2024\/10\/loo.png?w=581&amp;ssl=1 581w, https:\/\/i0.wp.com\/festivallanternes.com\/wp-content\/uploads\/2024\/10\/loo.png?resize=300%2C205&amp;ssl=1 300w\" sizes=\"auto, (max-width: 581px) 100vw, 581px\" \/><\/div><\/figure>[\/vc_column][\/vc_row]\n","protected":false},"excerpt":{"rendered":"<p>[vc_row column_spacing=\u00a0\u00bb50&Prime; css=\u00a0\u00bb.vc_custom_1627335173714{margin-top: 50px !important;}\u00a0\u00bb][vc_column width=\u00a0\u00bb1\/2&Prime;][vc_column_text color=\u00a0\u00bb#222222&Prime; font_size=\u00a0\u00bb16px\u00a0\u00bb] Pendant 17 semaines, le Jardin d&rsquo;Acclimation a v\u00e9cu \u00e0 l&rsquo;heure du Jurassique. 100 esp\u00e8ces de dinosaures, 2000 lanternes illumin\u00e9es et plus de 100 000 voyageurs temporels. &nbsp; Merci \u00e0 tous les visiteurs du Bal des Dinosaures ! [\/vc_column_text][\/vc_column][vc_column width=\u00a0\u00bb1\/2&Prime;][\/vc_column][\/vc_row]<\/p>\n","protected":false},"author":2,"featured_media":0,"parent":0,"menu_order":0,"comment_status":"closed","ping_status":"closed","template":"","meta":{"jetpack_post_was_ever_published":false,"footnotes":""},"class_list":["post-87","page","type-page","status-publish","hentry","entry","no-media"],"yoast_head":"<!-- This site is optimized with the Yoast SEO plugin v25.7 - https:\/\/yoast.com\/wordpress\/plugins\/seo\/ -->\n<title>Festival des Lanternes : le Bal des Dinosaures<\/title>\n<meta name=\"description\" content=\"Apr\u00e8s le remarquable succ\u00e8s du Festival Dragons et Lanternes en 2023 dont les 165 000 visiteurs sont venus admirer les illuminations de Shanghai en plein c\u0153ur du bois de Boulogne, ce sont les dinosaures qui vont envahir le Jardin d\u2019Acclimatation d\u00e8s la fin novembre.\" \/>\n<meta name=\"robots\" content=\"index, follow, max-snippet:-1, max-image-preview:large, max-video-preview:-1\" \/>\n<link rel=\"canonical\" href=\"https:\/\/festivallanternes.com\/\" \/>\n<meta property=\"og:locale\" content=\"fr_FR\" \/>\n<meta property=\"og:type\" content=\"article\" \/>\n<meta property=\"og:title\" content=\"Festival des Lanternes : le Bal des Dinosaures\" \/>\n<meta property=\"og:description\" content=\"Apr\u00e8s le remarquable succ\u00e8s du Festival Dragons et Lanternes en 2023 dont les 165 000 visiteurs sont venus admirer les illuminations de Shanghai en plein c\u0153ur du bois de Boulogne, ce sont les dinosaures qui vont envahir le Jardin d\u2019Acclimatation d\u00e8s la fin novembre.\" \/>\n<meta property=\"og:url\" content=\"https:\/\/festivallanternes.com\/\" \/>\n<meta property=\"og:site_name\" content=\"Festival des Lanternes : Le bal des dinosaures\" \/>\n<meta property=\"article:publisher\" content=\"https:\/\/www.facebook.com\/festivallanternes\" \/>\n<meta property=\"article:modified_time\" content=\"2025-03-10T14:56:56+00:00\" \/>\n<meta name=\"twitter:card\" content=\"summary_large_image\" \/>\n<meta name=\"twitter:site\" content=\"@FLanternes92793\" \/>\n<meta name=\"twitter:label1\" content=\"Dur\u00e9e de lecture estim\u00e9e\" \/>\n\t<meta name=\"twitter:data1\" content=\"1 minute\" \/>\n<script type=\"application\/ld+json\" class=\"yoast-schema-graph\">{\"@context\":\"https:\/\/schema.org\",\"@graph\":[{\"@type\":\"WebPage\",\"@id\":\"https:\/\/festivallanternes.com\/\",\"url\":\"https:\/\/festivallanternes.com\/\",\"name\":\"Festival des Lanternes : le Bal des Dinosaures\",\"isPartOf\":{\"@id\":\"https:\/\/festivallanternes.com\/#website\"},\"datePublished\":\"2023-10-13T01:39:50+00:00\",\"dateModified\":\"2025-03-10T14:56:56+00:00\",\"description\":\"Apr\u00e8s le remarquable succ\u00e8s du Festival Dragons et Lanternes en 2023 dont les 165 000 visiteurs sont venus admirer les illuminations de Shanghai en plein c\u0153ur du bois de Boulogne, ce sont les dinosaures qui vont envahir le Jardin d\u2019Acclimatation d\u00e8s la fin novembre.\",\"breadcrumb\":{\"@id\":\"https:\/\/festivallanternes.com\/#breadcrumb\"},\"inLanguage\":\"fr-FR\",\"potentialAction\":[{\"@type\":\"ReadAction\",\"target\":[\"https:\/\/festivallanternes.com\/\"]}]},{\"@type\":\"BreadcrumbList\",\"@id\":\"https:\/\/festivallanternes.com\/#breadcrumb\",\"itemListElement\":[{\"@type\":\"ListItem\",\"position\":1,\"name\":\"Accueil\",\"item\":\"https:\/\/festivallanternes.com\/\"},{\"@type\":\"ListItem\",\"position\":2,\"name\":\"Accueil &#8211; Maintenance\"}]},{\"@type\":\"WebSite\",\"@id\":\"https:\/\/festivallanternes.com\/#website\",\"url\":\"https:\/\/festivallanternes.com\/\",\"name\":\"Festival des Lanternes : Le bal des dinosaures\",\"description\":\"du 29 novembre 2024 au 2 mars 2025 au Jardin d&#039;Acclimatation\",\"publisher\":{\"@id\":\"https:\/\/festivallanternes.com\/#organization\"},\"potentialAction\":[{\"@type\":\"SearchAction\",\"target\":{\"@type\":\"EntryPoint\",\"urlTemplate\":\"https:\/\/festivallanternes.com\/?s={search_term_string}\"},\"query-input\":{\"@type\":\"PropertyValueSpecification\",\"valueRequired\":true,\"valueName\":\"search_term_string\"}}],\"inLanguage\":\"fr-FR\"},{\"@type\":\"Organization\",\"@id\":\"https:\/\/festivallanternes.com\/#organization\",\"name\":\"Festival des Lanternes : Le bal des dinosaures\",\"url\":\"https:\/\/festivallanternes.com\/\",\"logo\":{\"@type\":\"ImageObject\",\"inLanguage\":\"fr-FR\",\"@id\":\"https:\/\/festivallanternes.com\/#\/schema\/logo\/image\/\",\"url\":\"https:\/\/i0.wp.com\/festivallanternes.com\/wp-content\/uploads\/2024\/10\/loo.png?fit=581%2C397&ssl=1\",\"contentUrl\":\"https:\/\/i0.wp.com\/festivallanternes.com\/wp-content\/uploads\/2024\/10\/loo.png?fit=581%2C397&ssl=1\",\"width\":581,\"height\":397,\"caption\":\"Festival des Lanternes : Le bal des dinosaures\"},\"image\":{\"@id\":\"https:\/\/festivallanternes.com\/#\/schema\/logo\/image\/\"},\"sameAs\":[\"https:\/\/www.facebook.com\/festivallanternes\",\"https:\/\/x.com\/FLanternes92793\",\"https:\/\/www.instagram.com\/festivallanternes\/\"]}]}<\/script>\n<!-- \/ Yoast SEO plugin. -->","yoast_head_json":{"title":"Festival des Lanternes : le Bal des Dinosaures","description":"Apr\u00e8s le remarquable succ\u00e8s du Festival Dragons et Lanternes en 2023 dont les 165 000 visiteurs sont venus admirer les illuminations de Shanghai en plein c\u0153ur du bois de Boulogne, ce sont les dinosaures qui vont envahir le Jardin d\u2019Acclimatation d\u00e8s la fin novembre.","robots":{"index":"index","follow":"follow","max-snippet":"max-snippet:-1","max-image-preview":"max-image-preview:large","max-video-preview":"max-video-preview:-1"},"canonical":"https:\/\/festivallanternes.com\/","og_locale":"fr_FR","og_type":"article","og_title":"Festival des Lanternes : le Bal des Dinosaures","og_description":"Apr\u00e8s le remarquable succ\u00e8s du Festival Dragons et Lanternes en 2023 dont les 165 000 visiteurs sont venus admirer les illuminations de Shanghai en plein c\u0153ur du bois de Boulogne, ce sont les dinosaures qui vont envahir le Jardin d\u2019Acclimatation d\u00e8s la fin novembre.","og_url":"https:\/\/festivallanternes.com\/","og_site_name":"Festival des Lanternes : Le bal des dinosaures","article_publisher":"https:\/\/www.facebook.com\/festivallanternes","article_modified_time":"2025-03-10T14:56:56+00:00","twitter_card":"summary_large_image","twitter_site":"@FLanternes92793","twitter_misc":{"Dur\u00e9e de lecture estim\u00e9e":"1 minute"},"schema":{"@context":"https:\/\/schema.org","@graph":[{"@type":"WebPage","@id":"https:\/\/festivallanternes.com\/","url":"https:\/\/festivallanternes.com\/","name":"Festival des Lanternes : le Bal des Dinosaures","isPartOf":{"@id":"https:\/\/festivallanternes.com\/#website"},"datePublished":"2023-10-13T01:39:50+00:00","dateModified":"2025-03-10T14:56:56+00:00","description":"Apr\u00e8s le remarquable succ\u00e8s du Festival Dragons et Lanternes en 2023 dont les 165 000 visiteurs sont venus admirer les illuminations de Shanghai en plein c\u0153ur du bois de Boulogne, ce sont les dinosaures qui vont envahir le Jardin d\u2019Acclimatation d\u00e8s la fin novembre.","breadcrumb":{"@id":"https:\/\/festivallanternes.com\/#breadcrumb"},"inLanguage":"fr-FR","potentialAction":[{"@type":"ReadAction","target":["https:\/\/festivallanternes.com\/"]}]},{"@type":"BreadcrumbList","@id":"https:\/\/festivallanternes.com\/#breadcrumb","itemListElement":[{"@type":"ListItem","position":1,"name":"Accueil","item":"https:\/\/festivallanternes.com\/"},{"@type":"ListItem","position":2,"name":"Accueil &#8211; Maintenance"}]},{"@type":"WebSite","@id":"https:\/\/festivallanternes.com\/#website","url":"https:\/\/festivallanternes.com\/","name":"Festival des Lanternes : Le bal des dinosaures","description":"du 29 novembre 2024 au 2 mars 2025 au Jardin d&#039;Acclimatation","publisher":{"@id":"https:\/\/festivallanternes.com\/#organization"},"potentialAction":[{"@type":"SearchAction","target":{"@type":"EntryPoint","urlTemplate":"https:\/\/festivallanternes.com\/?s={search_term_string}"},"query-input":{"@type":"PropertyValueSpecification","valueRequired":true,"valueName":"search_term_string"}}],"inLanguage":"fr-FR"},{"@type":"Organization","@id":"https:\/\/festivallanternes.com\/#organization","name":"Festival des Lanternes : Le bal des dinosaures","url":"https:\/\/festivallanternes.com\/","logo":{"@type":"ImageObject","inLanguage":"fr-FR","@id":"https:\/\/festivallanternes.com\/#\/schema\/logo\/image\/","url":"https:\/\/i0.wp.com\/festivallanternes.com\/wp-content\/uploads\/2024\/10\/loo.png?fit=581%2C397&ssl=1","contentUrl":"https:\/\/i0.wp.com\/festivallanternes.com\/wp-content\/uploads\/2024\/10\/loo.png?fit=581%2C397&ssl=1","width":581,"height":397,"caption":"Festival des Lanternes : Le bal des dinosaures"},"image":{"@id":"https:\/\/festivallanternes.com\/#\/schema\/logo\/image\/"},"sameAs":["https:\/\/www.facebook.com\/festivallanternes","https:\/\/x.com\/FLanternes92793","https:\/\/www.instagram.com\/festivallanternes\/"]}]}},"jetpack_sharing_enabled":true,"_links":{"self":[{"href":"https:\/\/festivallanternes.com\/index.php\/wp-json\/wp\/v2\/pages\/87","targetHints":{"allow":["GET"]}}],"collection":[{"href":"https:\/\/festivallanternes.com\/index.php\/wp-json\/wp\/v2\/pages"}],"about":[{"href":"https:\/\/festivallanternes.com\/index.php\/wp-json\/wp\/v2\/types\/page"}],"author":[{"embeddable":true,"href":"https:\/\/festivallanternes.com\/index.php\/wp-json\/wp\/v2\/users\/2"}],"replies":[{"embeddable":true,"href":"https:\/\/festivallanternes.com\/index.php\/wp-json\/wp\/v2\/comments?post=87"}],"version-history":[{"count":88,"href":"https:\/\/festivallanternes.com\/index.php\/wp-json\/wp\/v2\/pages\/87\/revisions"}],"predecessor-version":[{"id":1082,"href":"https:\/\/festivallanternes.com\/index.php\/wp-json\/wp\/v2\/pages\/87\/revisions\/1082"}],"wp:attachment":[{"href":"https:\/\/festivallanternes.com\/index.php\/wp-json\/wp\/v2\/media?parent=87"}],"curies":[{"name":"wp","href":"https:\/\/api.w.org\/{rel}","templated":true}]}}